 + 54 = 0. What is the greatest common factor of y and 2?
2
Suppose 30 = -2*r + 4*r. Calculate the greatest common divisor of r and 135.
15
Let w(c) = 15*c**2 - c. Let s be w(2). Suppose g + 3*y - s = 0, 4*g - 2*y - 221 = -3*y. Calculate the greatest common divisor of g and 5.
5
Suppose -u = 3*u - 12. Suppose 4*g - g - 69 = -5*h, 0 = -u*h - 2*g + 42. Suppose h - 89 = -a. What is the highest common divisor of 7 and a?
7
Suppose 3*d - 129 = -39. Calculate the greatest common divisor of 135 and d.
15
Let m = 9 - -1. Let l be (-8)/2*(-115)/46. What is the greatest common factor of m and l?
10
Let v(w) = -w - 6*w**2 + 4*w**3 + 3*w - 3*w**3. Let a be v(6). Calculate the highest common divisor of 48 and a.
12
Let n be (-1)/(0 + (-2)/18). Let g be (0 + n)*(-6)/(-9). Calculate the greatest common factor of 30 and g.
6
Let t(g) = 3*g**2 + 8*g + 10. Let f be t(-5). What is the greatest common divisor of 30 and f?
15
Let i be 3*((-44)/(-6))/(-2). Let t = 29 + i. Let a = 81 + t. Calculate the highest common divisor of a and 9.
9
Suppose 0 = 2*n - j - 108, 0*j = -j. Suppose -u + 5 = 1. Suppose -39 = -u*a - 3*o, -2*o = -5*a - 5*o + 48. Calculate the highest common factor of a and n.
9
Let r(x) = -x**2 - 7*x - 1. Let v be r(-5). Suppose -f + 24 = 2*f. Suppose 10 = 5*i - 0, 5*i = 2*a - f. Calculate the highest common factor of v and a.
9
Suppose 126 = 3*z - 6. Let c(o) = -5*o + 1. Let t be c(-2). Suppose 2*w = w + t. Calculate the highest common factor of w and z.
11
Let d be 0/(-1) + -1 + 19. Suppose -3*o - o + 792 = 0. Let m = o - 126. What is the greatest common factor of d and m?
18
Suppose -3*p = -0*p. Let a = -5 + 8. Suppose -a = -k - p. Calculate the highest common divisor of k and 24.
3
Let w = 116 - 76. Let m(z) = -z**3 - 8*z**2 + 7*z - 10. Let k be m(-9). What is the greatest common divisor of w and k?
8
Let j be (-174)/(-11) - (-2)/11. Suppose 0*o + j = 4*o, 0 = -2*i - 2*o + 56. Let x = 5 + 1. Calculate the highest common factor of x and i.
6
Let v(g) = 3*g**2 - 9*g + 3. Let r be v(3). Let q be -2 + 0 - (-7 + 5). Suppose -2*w - 8 + 26 = q. What is the highest common factor of r and w?
3
Let q = -33 + 77. Calculate the greatest common divisor of q and 4.
4
Suppose 8 = 23*z - 22*z. What is the greatest common divisor of z and 200?
8
Let w be 344/28 + -4 - 2/7. Calculate the highest common divisor of w and 24.
8
Let p(l) = l**3 + 6*l**2 - 6*l + 12. Let s be p(-7). Calculate the highest common divisor of s and 40.
5
Let g be 3/6*-6*-1. Suppose g*y - 7*y + 64 = 0. Let q(t) = -20*t - 8. Let s be q(-6). What is the highest common factor of s and y?
16
Let y = 37 + -22. Let b = -2 + y. Calculate the greatest common divisor of 13 and b.
13
Let v = 0 + -1. Let j(w) be the second derivative of -41*w**3/6 + w**2/2 + w. Let i be j(v). Calculate the highest common divisor of 6 and i.
6
Let r(x) = -x**2 + 8*x + 1. Let c be r(7). Suppose d - c = -d. Suppose 3*t - 112 = 4*m, -t + 38 + 0 = -2*m. Calculate the greatest common divisor of d and t.
4
Let p(c) = 12*c - 12. Suppose 2*w - w - 8 = 0. Let v be p(w). Calculate the greatest common divisor of 21 and v.
21
Let q be ((-1264)/(-10))/2 - 2/10. Calculate the highest common divisor of 18 and q.
9
Let z be 566/3 + (-112)/(-84). What is the highest common divisor of z and 19?
19
Let w = 51 + -34. Suppose y + 2*y - 38 = 4*u, 0 = -2*y + u + w. What is the highest common divisor of y and 60?
6
Suppose -c - 60 = -6*c. Let j(q) = q**3 - 2*q**3 + 0*q - 2 - q**3 - 5*q**2 + 3*q. Let t be j(-5). What is the highest common factor of t and c?
12
Let h be -2 + -3 + 4 + -160. Let p = -97 - h. What is the greatest common divisor of p and 8?
8
Let y = -4 - -8. Let j(f) = f**2 - 5*f + 6. Let z be j(y). Suppose z*u = -3*u + 60. Calculate the greatest common divisor of 18 and u.
6
Let q = 147 - -23. Let g = q + -110. Suppose 2*x = 7*x - 60. Calculate the greatest common factor of g and x.
12
Let z be 478/(-6) + (-3)/9. Let p = -38 - z. What is the highest common divisor of p and 6?
6
Let x be 26/(-2)*-1*7. Let f(g) = g - 3. Let t be f(0). Let c = 10 - t. What is the greatest common divisor of x and c?
13
Let w be 2/6 - (-4)/6. Suppose 11 = 3*s - w. What is the greatest common factor of 20 and s?
4
Suppose -3*v + 4*v = 216. Calculate the highest common factor of 27 and v.
27
Let y be 1/2 - 178/(-4). Let j be (-62)/(-8) - (-3)/12. Let f = j - 3. What is the highest common divisor of f and y?
5
Let v(u) = -u + 13. Let p be v(5). Calculate the greatest common factor of p and 4.
4
Suppose 3*l + 16 = 31. Suppose 5*i - 4*w = 25, 4*i + l*w - 14 = 6. Calculate the greatest common factor of 55 and i.
5
Suppose 3*u - u - 152 = 0. Suppose -2*c + u = 2*c. Calculate the highest common divisor of c and 76.
19
Let d be 12*(2 - (-5)/(-3)). Suppose 6 = 3*i, 0 = -d*c - 3*i - 0*i + 14. Suppose -l + 12 = c*l. What is the highest common factor of l and 28?
4
Let z(a) = 2*a + 4. Let v be z(-13). Let s = -9 - v. Calculate the highest common factor of s and 65.
13
Let f(d) = d**3 + 4*d**2 - d + 176. Let l be f(0). Calculate the greatest common factor of l and 22.
22
Suppose 7 + 3 = j - 5*p, 4*j = 2*p + 4. Let z(y) = -y + 19. Let t be z(j). Calculate the greatest common divisor of 19 and t.
19
Let f = -42 + 102. What is the greatest common divisor of 12 and f?
12
Suppose -5 = -2*l + l. Let b = -3 + l. Suppose 5*u - 2 = 3*s + 2, 0 = -3*u - 3*s + 12. Calculate the greatest common divisor of u and b.
2
Let j be 6*((-30)/4)/(-5). Suppose 0*l + 4*l = -2*r + 444, -4*l = 4*r - 448. Let u = l + -29. What is the highest common divisor of u and j?
9
Let n(u) = 4*u**2 - 5*u**2 + 22 - 2. Let i be n(0). Calculate the greatest common divisor of 5 and i.
5
Let g(w) = 3*w + 12*w**2 + 0 + 2 + 2*w**2. Let d be g(-2). Let n = 28 + -15. Calculate the greatest common factor of n and d.
13
Suppose -5*d + 0*d + 180 = 0. Let h be -6*12/(-3)*1. Calculate the greatest common divisor of h and d.
12
Let t = 0 + 1. Let j be (-13)/3 - (-4)/(-6). Let u(a) = -a**3 - 5*a**2 + 3. Let c be u(j). Calculate the greatest common divisor of c and t.
1
Suppose -4*s + 7*s + 3*a = 45, 4*s - 4*a - 76 = 0. Suppose -4*v - 5*l = -s, v - 2 = 4*l - 3. Let f = -3 - -4. What is the greatest common factor of f and v?
1
Let q(o) = 2*o**2 - 2*o + 0*o - 3*o + o. Let x be (-1 - 0 - -4)*-1. Let w be q(x). What is the highest common divisor of 12 and w?
6
Let q be 2/(-7) + (-30)/(-7). Let a be (-14)/(-4) - (-2)/q. Let v(u) = 27*u**2 + 2*u - 1. Let f be v(1). What is the greatest common divisor of a and f?
4
Suppose 10*d - 5 - 15 = 0. Calculate the greatest common factor of 2 and d.
2
Suppose 4*i - 4 - 4 = 0. Suppose -i*b + 25 = -5*v, -v - v - 21 = -3*b. Calculate the highest common factor of b and 25.
5
Suppose 0 = -j - 11 + 14. What is the greatest common factor of 5 and j?
1
Suppose -i = -4 - 0. Let r be (-14)/(-4) + (-1)/2. Suppose w - 24 = -r*w. Calculate the greatest common factor of w and i.
2
Let u = -2 + 0. Let b be u/(-7) + (-2)/7. Suppose b*z - z + 39 = -4*r, r - 156 = -3*z. What is the greatest common factor of 17 and z?
17
Suppose -4*q + 6 + 10 = 0. Suppose -q*x = -j - 197, 0 = -3*x + 5*x - 5*j - 103. Calculate the greatest common divisor of 7 and x.
7
Suppose -3*c = 4*w - 261, 3*w + 33 = -3*c + 225. What is the highest common factor of w and 3?
3
Let q = -38 - -53. What is the greatest common divisor of q and 135?
15
Suppose 4*w + 20 = 0, 2*k - 5*w + 239 = 5*k. Suppose 5*q + 20 = -2*v + 6*v, q = 5*v - 4. Let p = 12 + q. What is the highest common factor of p and k?
8
Let h = 90 + -54. Suppose -v + 4 = -h. Suppose 3*f = u + 21, -f - 2*f + 33 = 3*u. Calculate the greatest common divisor of v and f.
8
Suppose -94 + 34 = -3*v. Suppose -4*b = b - v. Suppose -b*y = 4*w - 60, 3*y + 46 = 4*w - 0*w. Calculate the greatest common factor of w and 52.
13
Suppose 14 = -5*a + 4*a. Let c = 112 - a. What is the highest common factor of 18 and c?
18
Let v = -5 - -3. Let g(w) = -w**3 + w**2 - w - 2. Let r be g(v). Let i(t) = -t + 24. Let f be i(0). What is the highest common factor of f and r?
12
Let k(h) = h - 1. Let j be k(4). Let c be 2/j - (-322)/21. What is the greatest common factor of 2 and c?
2
Let t be -6*(489/(-18) + 5). What is the highest common divisor of 57 and t?
19
Suppose -l = 4*v - 2, -5*l - 2*v - 2*v 